 + 19. Let w be -4 + (4 + -7 - -103). Let a = w + -75. Calculate the remainder when a is divided by g.
9
Let p(r) = -2*r**2 + 43*r + 1015. Calculate the remainder when 88 is divided by p(-14).
4
Suppose 0 = -7*r - 13 + 97. Suppose 36 = j + n, -2*j + 114 = j + n. Suppose -j*g + 225 = -34*g. Calculate the remainder when g is divided by r.
9
Suppose 4*v - 170 = -5*n, 167 = -17*n + 21*n - 3*v. What is the remainder when 332 is divided by n?
28
Let p(k) = -8*k + 12. Let g be p(-3). Let n be 9*(-20)/g*-3. Suppose -2*b = -3*b + n. Calculate the remainder when 57 is divided by b.
12
Let z = 30274 - 30185. Calculate the remainder when 1443 is divided by z.
19
Let u be -8*(3666/24)/13. Calculate the remainder when 126 is divided by u*(125/(-30) + 4)*3.
32
What is the remainder when 3/(-2)*(-32)/24 is divided by (-44)/33 - (-63)/27?
0
Suppose 794*s - 2592 = 762*s. What is the remainder when s is divided by 24?
9
Suppose -7*y + 6*y + 108 = 5*s, -4*y + 12 = 0. Let d be 14/2*(-3 + 6). Suppose 6 = 3*i, -d = -u + 4*i + 74. What is the remainder when u is divided by s?
19
Let q(g) = 4*g**2 - 4*g - 25. Let n(s) = 2*s**2 - 2*s - 10. Let j(d) = 7*n(d) - 3*q(d). What is the remainder when 147 is divided by j(-4)?
12
Let m(z) = 3*z**2 + z + 2. Let c be m(-1). Suppose g = -4*p - 3 + 23, -4*p - c = 0. Suppose -11*h = 2*h - 91. Calculate the remainder when g is divided by h.
3
Let q(o) = -16*o - 6*o - 5 - 38*o. Let l(u) = u**2 + 18*u - 176. Let t be l(7). Calculate the remainder when q(t) is divided by 14.
13
Suppose -26*f + 38184 = 39*f + 9*f. What is the remainder when f is divided by 145?
81
Let p(g) = -g**3 - 7*g**2 + 67*g - 11. What is the remainder when 606 is divided by p(5)?
6
Let h(v) = 2*v**2 + 67*v - 52. Calculate the remainder when h(-44) is divided by 35.
32
Let t(m) = 58*m**2 + 169 + 46*m + 55*m**2 + 50 - 112*m**2 - 4. Calculate the remainder when t(-42) is divided by 10.
7
Let y be 4/14 - 4944/56. What is the remainder when 47 is divided by 2/(-1)*2 - 1672/y?
2
Suppose 3*c = 5*s + 1728, -41*c + 1728 = -38*c + 3*s. Calculate the remainder when 1838 is divided by c.
110
Suppose 778*y - 816*y = -1900. Calculate the remainder when 187 is divided by y.
37
Let s(a) = -a**3 - 5*a**2 + 23*a - 9. Let i be s(-5). Let n = 142 + i. Calculate the remainder when 121 is divided by n.
13
What is the remainder when 2960 is divided by (440/(-16) - -2)/((9 + -4)/(-10))?
2
Let o = -2295 + 2297. Calculate the remainder when 64 is divided by o.
0
Suppose 45 + 27 = 3*t. Suppose -4*u + 360 = 2*q, 193*u - 194*u + 76 = -3*q. Calculate the remainder when u is divided by t.
16
Suppose 118*s - 4864 = 42*s. Suppose 0 = 4*p - 0*x - 4*x, 2*x + 16 = -2*p. Calculate the remainder when s is divided by (-978)/(-42) - p/(-14).
18
Suppose 1694 = 10*b + b. Suppose 238 + 1087 = 25*a. Calculate the remainder when b is divided by a.
48
Let x(o) = -o**3 - 7*o**2 - o. Let h = -91 - -84. Let b = 17 + 15. Calculate the remainder when b is divided by x(h).
4
Let p = 2917 + -2798. Calculate the remainder when p is divided by 14.
7
Suppose p - 3*m = 84, -2*p - 4*m + 68 = -100. Let a = p + -82. Calculate the remainder when 140/a - (0 + 2 - 2) is divided by 24.
22
Let v(m) = -2*m**3 - 6*m**2 - 7*m + 1. Let u be -3 + -1 - (36/(-6) + 5). Calculate the remainder when 38 is divided by v(u).
16
Let b = 6941 + -6136. What is the remainder when b is divided by 13?
12
Suppose -3*f + p = 63 - 197, -200 = -5*f + 5*p. Suppose -x = -2 - 3. Suppose 0 = -2*o + x + 11. What is the remainder when f is divided by o?
7
Let n(i) = 113*i + 9. Let r be n(-3). Let y = r + 556. What is the remainder when y is divided by 47?
38
Let y be -3 + (21 - 0) + 1. Suppose -s + 3 = -y. Suppose 724*q - 716*q = 872. What is the remainder when q is divided by s?
21
Suppose 7*t + 75*t = 7626. Calculate the remainder when t is divided by 8.
5
Let h(k) = 29*k - 25. Let w = -45 - -32. Let n(p) = -15*p + 12. Let c(b) = w*n(b) - 6*h(b). Calculate the remainder when c(6) is divided by 31.
27
Suppose 2*a + 4 = -y, 7 = -4*y - 107*a + 102*a. Suppose 53 + 11 = y*u. Calculate the remainder when 72 is divided by u.
8
Let u(j) = -35*j + 1472. What is the remainder when 596 is divided by u(41)?
4
Let t = 6335 - 6255. Calculate the remainder when 598 is divided by t.
38
Let j(x) = 9*x - 48. Let g = -92 + 76. Let b(f) = -f**3 - 16*f**2 - 3*f + 25. What is the remainder when b(g) is divided by j(7)?
13
Let i(n) = 62*n - 5121. What is the remainder when 2819 is divided by i(128)?
4
What is the remainder when (5 + 1796)/(3 + -8 + 6) is divided by 22?
19
Let b be (-255)/(-105) - (-9)/(-21). Let g(o) = -o**3 - o**2 + o + 16. Calculate the remainder when g(0) is divided by (((-63)/9)/7)/(b/(-12)).
4
Let n = 532 - 349. Let a(r) = 10*r**2 - 8*r + 47. What is the remainder when n is divided by a(0)?
42
Let h(n) = 12*n + 99. Let j be h(-8). Suppose -19 = -u - j*g, 0 = -u + 7*g - 2*g + 11. Suppose -4*o = -245 - 3. Calculate the remainder when o is divided by u.
14
Suppose -41*t + 6670 = -18*t. Let k = t - 262. Calculate the remainder when 52 is divided by k.
24
Let b(j) = 2*j**2 + 7*j - 3. Let d(k) = 4*k**2 + 6*k - 3. Let a(t) = -4*b(t) + 3*d(t). What is the remainder when 203 is divided by a(5)?
44
Suppose -5*m + 0*m + 2*y = -182, 2*m - 67 = -5*y. Let f = 609 - 607. Suppose -f*q + 2*s = -30 + 2, -2*s + 2 = q. What is the remainder when m is divided by q?
6
Suppose 269*k + 3972 = 281*k. What is the remainder when k is divided by 169?
162
Let z(p) = 24*p**3 + 18*p**2 - 41*p + 7. What is the remainder when z(2) is divided by 4?
1
Suppose 11*q = 8*q. Let b be ((-5)/15)/((q - -3)/(-45)). What is the remainder when 21 is divided by -2 - (-7)/b - 56/(-10)?
1
Suppose -11*z - 809 = -12*z + 3*f, f = -5*z + 4093. Calculate the remainder when z is divided by 30.
8
Suppose -4*t + c + 4261 = 0, -c - 3562 = t - 4616. What is the remainder when 3190 is divided by t?
1
Let q = 2074 + -1639. Calculate the remainder when q is divided by 93.
63
Suppose -789*x + 110445 = 2429*x - 233*x. Let w = -29 - -43. Calculate the remainder when x is divided by w.
9
Let t(u) = -u**2 - 12*u + 36. Let d be t(-16). What is the remainder when 4/(d/(-119)) - (-3)/1 is divided by 11?
9
Suppose -3799*z + 3785*z = -2996. Calculate the remainder when 1053 is divided by z.
197
Suppose -11*p = -16*p - f + 182, 3*f - 139 = -4*p. Calculate the remainder when 62 is divided by p.
25
Let s be (-1 - -9) + -4 + -4. Suppose 5*a - 88 + 23 = s. Calculate the remainder when a is divided by (-2)/11 - (-342)/66.
3
Let i be (4 + -5)/((-5)/25). Suppose i*y - 5*a = 1240, 2*y + 5*a - 373 = 130. Calculate the remainder when y is divided by 14.
11
Suppose 0 = 9*q + 24 - 78. Suppose 5*h = -10, k + k = 4*h + 106. What is the remainder when k is divided by q?
1
Suppose 79 = 2*v + 5*r, 7*v - 6*v = 5*r + 17. Suppose 59*s + 376 = 63*s. Calculate the remainder when s is divided by v.
30
Suppose 3*b - 178 + 0 = -a, 2*a - 56 = -b. Calculate the remainder when b is divided by 10.
0
Let m(d) = -d**3 + 7*d - 19. Let z(f) = -f. Let v(p) = -m(p) - 5*z(p). What is the remainder when v(0) is divided by 6?
1
Suppose 13931*m - 3029 = 13918*m. What is the remainder when m is divided by 148?
85
Let k = -2386 + 2732. Calculate the remainder when 1798 is divided by k.
68
Suppose -2*k - 3*p = -3, -7*k - 2*p + 1181 = 1094. Suppose 2*z - 72 = z. Calculate the remainder when z is divided by k.
12
Let q be (-2)/8 + 11022/88. Let f = q - 9. What is the remainder when f is divided by 17?
14
Let m be (-4 + (2 - -1))*-72. Calculate the remainder when (m/(-15))/((-6 - -13)/(-35)) is divided by 4.
0
Let t(d) = -1011*d - 262. Calculate the remainder when t(-3) is divided by 9.
8
Let x be (-4)/10 + 864/(-40). Let c be x/(-3) - (-2)/(-6). Let r(h) = h**3 - 7*h**2 + 5*h + 27. Calculate the remainder when r(c) is divided by 22.
18
Suppose 4*l = -3*k - 314, 0 = 4*k - 0*k + 2*l + 402. Let n = -82 + k. What is the remainder when 117 is divided by (n/(-48))/(3/16)?
17
Suppose 30 = 3*g - m, 5*m + 0 + 6 = -g. Suppose -g*y = -6*y - 27. Calculate the remainder when 11 is divided by y.
2
Let f(s) = s**2 - 9*s - 176. Let b be f(-10). Suppose 5 = -b*l + 19. Calculate the remainder when 7 is divided by l.
0
Suppose 0 = 2*u + 5*z + 26, u + 52 = -3*u - 4*z. Calculate the re